tors of m.
11
Let w(f) = 2*f**2 + 3*f + 2. Let d be w(-2). Let y = d - -4. Suppose j - y = 4*z, 5*j + 3*z - 77 = -14. What are the prime factors of j?
2, 3
Let l(j) = j**3 + 5*j**2 - 6*j + 2. Let s be l(-6). Suppose 0 = o - s*o + 3. What are the prime factors of o?
3
Let o(r) = 14*r**3 + r**2 - 1. Let a be -1 - (-4)/(-8)*-4. What are the prime factors of o(a)?
2, 7
Let a(j) = -6*j + 1 - 2*j + j - 5*j**2 + j**3 - 4. Let y be a(6). Let s = y - -25. List the prime factors of s.
2
Let f = 5 - 10. Let k = f + 27. What are the prime factors of k?
2, 11
Let b = 1 - -7. What are the prime factors of 78/4 + 4/b?
2, 5
Let y(s) = 12*s**2 + 4*s + 13. What are the prime factors of y(4)?
13, 17
Let s = 24 - 13. Suppose 80 = s*r - 6*r. List the prime factors of r.
2
Let z = -19 + 21. Suppose 5*s + z*k = 20, -3*k + 4 = -3*s - k. List the prime factors of s.
2
Suppose -5*x - x + 66 = 0. What are the prime factors of x?
11
List the prime factors of (72/(-45))/((-4)/150).
2, 3, 5
Let q be ((-4)/5)/1*10. Let c = 4 - q. List the prime factors of c.
2, 3
Let g = 598 - 190. List the prime factors of g.
2, 3, 17
Suppose 3*i - o - 17 + 2 = 0, -2*i + 10 = 5*o. List the prime factors of (-1)/(-1) + -2 + i.
2
Suppose -61 + 3 = -2*w + 4*x, 80 = 3*w + x. Suppose -1 - w = -2*m. What are the prime factors of m?
2, 7
Let a be (-36)/(-1 - 3/6). Let t = 43 - a. List the prime factors of t.
19
Let v(m) be the first derivative of -m**4/24 + m**2/2 - 1. Let n(x) be the second derivative of v(x). List the prime factors of n(-7).
7
Let k(c) = -c**2 + 15*c - 4. List the prime factors of k(6).
2, 5
Let m(j) = j**2 + 67. What are the prime factors of m(0)?
67
Let s = -142 + 390. List the prime factors of s.
2, 31
Let o(s) = -4*s - 6. Let b(k) = k - 12. Let t be b(8). What are the prime factors of o(t)?
2, 5
Suppose 4*t + 3*d = 109, -2*d + 0 = -6. Suppose -5*m = 4*n - t, 0 = -n - n + 2*m + 26. List the prime factors of n.
2, 5
Let o(x) = -22 + 24 + 3*x**2 - x + 4*x. List the prime factors of o(-3).
2, 5
Suppose 0 = 2*x + 2. Let m = 2 + x. Let o = 5 + m. List the prime factors of o.
2, 3
Suppose -5*t = 4*z - 40, 2*t - 3*z + 11 = t. Let u(w) = -5 + 5*w - 2*w**2 + 2*w - w**3 - t*w. List the prime factors of u(-4).
3, 5
Let p(q) = 2*q - 6. Let d be p(6). Suppose -t = -d*t + 75. What are the prime factors of t?
3, 5
Let c = 41 - -55. What are the prime factors of c?
2, 3
Let y be 5/(5/2) + -45. Let f = -28 - y. List the prime factors of f.
3, 5
Let m(j) = -j**3 + 9*j**2 + 8*j - 1. List the prime factors of m(9).
71
Let w(r) = 9*r**3 + 2*r**2 + 4*r - 7. What are the prime factors of w(2)?
3
Let q be (-3)/(-1*9/12). Suppose -9*l + 165 = -q*l. Suppose -4*t + 15 = -l. What are the prime factors of t?
2, 3
Suppose 33 + 25 = 2*i. What are the prime factors of i?
29
Let j = 9 + -6. Let f = j - 1. What are the prime factors of f?
2
Let v(i) be the third derivative of i**6/360 - i**5/24 - i**4/24 - 3*i**2. Let g(y) be the second derivative of v(y). What are the prime factors of g(6)?
7
Let b(d) = -d**2 + 13*d - 2. Let p be b(11). Suppose -p = g + 3*g. Let i(n) = n**3 + 5*n**2 - 3*n - 4. List the prime factors of i(g).
11
Let v(z) = z**3 - 9*z**2 - 8*z - 1. What are the prime factors of v(10)?
19
Let k(f) = 4*f**2 + 9*f - 5. List the prime factors of k(-5).
2, 5
Let d(c) = 11*c**2 - 8*c + 11. Let i(o) = -7*o**2 + 5*o - 7. Let u(f) = -5*d(f) - 8*i(f). What are the prime factors of u(-4)?
17
Suppose j - 1 - 8 = 0. List the prime factors of j.
3
Suppose -11*f + 120 = -10*f. What are the prime factors of f?
2, 3, 5
Let d(k) = -k**3 - 9*k**2 - 9*k - 6. What are the prime factors of d(-8)?
2
Let b(o) = o**3 - 8*o**2 + 6*o + 10. Let x be b(7). Suppose x*f = f + 4. List the prime factors of f.
2
Let b(v) = -v + 13. Let n be b(4). Let d(l) = -l**3 + 8*l**2 + 13*l - 9. List the prime factors of d(n).
3
Let z = -5 - -5. Suppose -2*o - v = -5, 3*o + z*v - 3 = 3*v. List the prime factors of o.
2
Let t = -108 - -177. What are the prime factors of t?
3, 23
Let v = -519 + 954. What are the prime factors of v?
3, 5, 29
Let y(i) = 21*i - 1. What are the prime factors of y(2)?
41
Suppose 0 = 4*t - 40 - 76. What are the prime factors of t?
29
Suppose 3*r - 2*m = 21, 5*r = -0*m - 3*m + 16. What are the prime factors of r?
5
Suppose 0 = 3*j - 168 - 489. What are the prime factors of j?
3, 73
Let k(m) = 2*m**3 + m**2 - m + 1. Let a be k(1). Let z(g) = 2*g**2 + g + 1. What are the prime factors of z(a)?
2, 11
Let h be 2 - (12/(-3) - -1). Let t(a) = a - 5. Let p be t(7). Suppose -c = p*c - 2*j - 29, h*c = -4*j + 41. List the prime factors of c.
3
Let b be -1 + 0 + -2 + -69. What are the prime factors of (b/(-30))/((-6)/(-20))?
2
Suppose -u = -2*g + 61 - 13, 33 = g - 5*u. Let j = g + -14. List the prime factors of j.
3
Suppose -3*k = -6 - 3. Suppose 53 - 11 = k*s + 3*h, 50 = 4*s + h. What are the prime factors of s?
2, 3
Suppose 3*x - 5 = -20, -24 = 2*w + 2*x. Let j = 12 + w. Suppose q - 70 = -j*l - q, 0 = -5*l - q + 65. List the prime factors of l.
2, 3
Let y(j) = 2*j**2 - 11*j + 17. List the prime factors of y(7).
2, 19
Let d = -164 - -341. What are the prime factors of d?
3, 59
Let q(z) = 2*z**3 - z**2 + z - 2. Let h(k) = -k**3 - k**2 + 1. Let b(w) = 2*h(w) + 2*q(w). Let x be b(3). Let g = -15 + x. List the prime factors of g.
7
Suppose 3*m + 3 = -3*p, 5*p = -1 - 19. List the prime factors of m.
3
Let s be (2 - 1)/(2/34). Suppose 45 = -3*y + 3*v, y - 23 = 2*y - 3*v. Let m = y + s. List the prime factors of m.
2, 3
Suppose -2*f + 17 = 3*o, 3*f = o + 7 + 2. Suppose x = -o*x - i + 53, 5*x - 75 = -3*i. What are the prime factors of x?
2, 3
Let j = 68 + -18. Suppose -x - x = -j. What are the prime factors of x?
5
What are the prime factors of (-1 - 14/(-8)) + 513/4?
3, 43
Suppose 0 = 3*b + 2*b - 150. Suppose b = 4*v - 2*v. Suppose -3*q + v = 2*q. List the prime factors of q.
3
Let n = 8 + -5. Suppose 4*x - 156 = y, 0 = -4*x - n*y - 14 + 170. Let u = -26 + x. List the prime factors of u.
13
Let n be 335/65 - 2/13. Suppose 3*j - j = -2*h + 20, n*h + j = 38. What are the prime factors of h?
7
Suppose 2*t + 5*l = 64, -t - 62 = -4*t + l. Suppose -4*m - 2*g + t = -0*g, -3*g = -m + 16. List the prime factors of m.
7
Let p = 13 - 12. List the prime factors of p/((-4)/16) - -13.
3
Suppose 1625 = 5*r - 2*g - 3*g, 0 = -r - g + 329. What are the prime factors of r?
3, 109
Suppose 16 = 5*s - 4. Let h be 2/8 + 39/s. Let w = h + 1. List the prime factors of w.
11
Suppose 3*b + 13 = -4*g, 0*g + 2*g + 10 = 2*b. List the prime factors of 30/(b - -1) - 0.
3, 5
List the prime factors of (-2)/5 - 660/(-25).
2, 13
Let v be 186/(-15) - (-2)/5. Suppose n + 114 = -2*n - 3*u, 2*n = -3*u - 81. Let s = v - n. What are the prime factors of s?
3, 7
Let c(z) = -3*z - 11. Let w(d) = -d**2 - 6*d - 1. Let a be w(-7). What are the prime factors of c(a)?
13
Suppose 4*y - 13*y = -2223. What are the prime factors of y?
13, 19
Let h = 133 + -113. List the prime factors of h.
2, 5
Suppose 0 = -h + 4*h - 6. Let w(l) = 0*l**2 - 3*l + l**2 + h*l. List the prime factors of w(-4).
2, 5
Suppose 0 = 3*x - 4*x + 47. List the prime factors of x.
47
Let l be 1 + (-6)/1 - 0. Let v be (-1 - l)/((-12)/(-6)). Suppose -a + v + 7 = 0. What are the prime factors of a?
3
Let f = -195 - -330. What are the prime factors of f?
3, 5
What are the prime factors of ((-20)/(-55))/2 - (-1582)/11?
2, 3
Suppose -2*i - 4 = 0, -i = -q - 3*i - 16. Let x = q + 17. List the prime factors of x.
5
Suppose 0 = 2*v + 5*q, 0 = v + 2*q - 5*q. Suppose -5*o = -v*t - 3*t + 125, -4*t + 152 = -3*o. List the prime factors of t.
5, 7
Suppose -3*y + 513 = 45. What are the prime factors of y?
2, 3, 13
Suppose 4*p - 13 - 11 = 0. Suppose 2 = h - p. List the prime factors of h.
2
Let y = -5 - 7. Let u be 4/16 + (-33)/y. List the prime factors of (10/u)/(-5)*-27.
2, 3
Let c(a) = a**3 - 5*a**2 + 6*a - 4. Let j be c(4). List the prime factors of j/((-4)/(-11)) - 3.
2
Let t(a) = a**2 + 2*a + 3. Let h be (-76)/24 - 2/(-12). Let c be t(h). Let b = c - 2. List the prime factors of b.
2
Let a(c) = c**3 - 12*c**2 + 15*c. What are the prime factors of a(11)?
2, 11
Suppose -25 = 6*l - l. Let f = 7 + l. What are the prime factors of f?
2
Let u be (-4)/(-12)*57*-1. Let k = u - -21. List the prime factors of k.
2
Let w(j) = 4*j